{"id":25,"date":"2025-02-24T12:29:01","date_gmt":"2025-02-24T11:29:01","guid":{"rendered":"https:\/\/zimmibleibt.de\/?page_id=25"},"modified":"2025-03-16T15:29:42","modified_gmt":"2025-03-16T14:29:42","slug":"anfahrt","status":"publish","type":"page","link":"https:\/\/zimmibleibt.de\/?page_id=25","title":{"rendered":"Anfahrt"},"content":{"rendered":"\n<p>Die Anfahrt in den Zimmi ist ganz einfach. Das W\u00e4ldchen ist in M\u00fcnster Kinderhaus. Steig bei der Bushaltestelle <em>Am Burloh<\/em> in M\u00fcnster aus, dann stehst du direkt vor dem W\u00e4ldchen.<br>Mit dem Fahrrad sind es aus der Innenstadt gut 4 km. Die Koordinaten sind<em> 51.99269\u00b0N, 7.61083\u00b0E<\/em> !<br>Wir freuen uns auf dich!<\/p>\n\n\n\n<p><a href=\"https:\/\/www.openstreetmap.org\/?mlat=51.99289&amp;mlon=7.61140#map=18\/51.992890\/7.611400&amp;layers=N\" target=\"_blank\" rel=\"noreferrer noopener\">Hier findet Ihr das W\u00e4ldchen auf Open Streetmaps<\/a>.<\/p>\n","protected":false},"excerpt":{"rendered":"<p>Die Anfahrt in den Zimmi ist ganz einfach. Das W\u00e4ldchen ist in M\u00fcnster Kinderhaus. Steig bei der Bushaltestelle Am Burloh in M\u00fcnster aus, dann stehst du direkt vor dem W\u00e4ldchen.Mit dem Fahrrad sind es aus der Innenstadt gut 4 km. Die Koordinaten sind 51.99269\u00b0N, 7.61083\u00b0E !Wir freuen uns auf dich! Hier findet Ihr das W\u00e4ldchen [&hellip;]<\/p>\n","protected":false},"author":1,"featured_media":0,"parent":0,"menu_order":0,"comment_status":"closed","ping_status":"closed","template":"","meta":{"footnotes":""},"class_list":["post-25","page","type-page","status-publish","hentry"],"_links":{"self":[{"href":"https:\/\/zimmibleibt.de\/index.php?rest_route=\/wp\/v2\/pages\/25","targetHints":{"allow":["GET"]}}],"collection":[{"href":"https:\/\/zimmibleibt.de\/index.php?rest_route=\/wp\/v2\/pages"}],"about":[{"href":"https:\/\/zimmibleibt.de\/index.php?rest_route=\/wp\/v2\/types\/page"}],"author":[{"embeddable":true,"href":"https:\/\/zimmibleibt.de\/index.php?rest_route=\/wp\/v2\/users\/1"}],"replies":[{"embeddable":true,"href":"https:\/\/zimmibleibt.de\/index.php?rest_route=%2Fwp%2Fv2%2Fcomments&post=25"}],"version-history":[{"count":4,"href":"https:\/\/zimmibleibt.de\/index.php?rest_route=\/wp\/v2\/pages\/25\/revisions"}],"predecessor-version":[{"id":76,"href":"https:\/\/zimmibleibt.de\/index.php?rest_route=\/wp\/v2\/pages\/25\/revisions\/76"}],"wp:attachment":[{"href":"https:\/\/zimmibleibt.de\/index.php?rest_route=%2Fwp%2Fv2%2Fmedia&parent=25"}],"curies":[{"name":"wp","href":"https:\/\/api.w.org\/{rel}","templated":true}]}}